z + 3*s - i = 3, 6 = 5*z - 2*s. Let b(g) be the first derivative of g**3/3 - g**2/2 + g - 6. Give b(z).
3
Let v be 34/((-1 + 0)*-1). Suppose 5*a = -4*m + 327, -3*m = 2*a - 3 - 132. Let b(j) = -v + j**2 - 30 + a + 5*j. What is b(-6)?
5
Let y(s) = 4*s**2 + 11*s + 8. Let o(n) be the third derivative of 11*n**5/60 + 4*n**4/3 + 7*n**3/2 + 129*n**2. Let x(l) = 3*o(l) - 8*y(l). Determine x(-4).
-17
Suppose 1467*i - 36 = 1461*i. Let c(h) = 16 + i + 9 + 2*h - 25. Determine c(-4).
-2
Let n(w) be the first derivative of 3*w**2 + 7/6*w**3 - 13 + 1/12*w**4 + 10*w. Let l(z) be the first derivative of n(z). Give l(-7).
6
Let o(w) = -94*w + 90*w + 8*w + 0 + 5*w - 1. Suppose 0 = t - 0 - 1. What is o(t)?
8
Let h(i) = 3*i**2 + 7*i + 22. Let p(k) = 2*k**3 + 61*k**2 - 40*k - 279. Let y be p(-31). Calculate h(y).
22
Suppose -17*y + 441 = 84. Suppose -v = 2, -31 = -4*w + 3*v - y. Let c(l) = -3*l + 3*l - l**2 + 1 - l + 29*l**3. Give c(w).
28
Let s(m) = m**3 + 21*m**2 + 5. Let g(w) = -2*w**2 + 3*w - 12. Let i be g(3). Determine s(i).
5
Let t(f) = f**3 - 4*f**2 + 1. Let n be t(3). Let p = n + 10. Let c(g) = -9*g + g**p - g + 4*g + 3. Give c(5).
-2
Let i = 27049 - 27060. Let t(f) = f**3 + 8*f**2 - 27*f + 27. Determine t(i).
-39
Let b(n) = 67*n - n**2 - 24*n**2 - 68*n - 5 + 56*n**2 - n**3 - 57*n. Calculate b(29).
-5
Let a(c) be the first derivative of -1/3*c**3 + 127 - 13/2*c**2 - 7*c. Give a(-12).
5
Let w(x) = x**2 - 5. Let i = -14613 + 14610. Give w(i).
4
Suppose 306*w + 422 = -496. Let b(n) = -4*n**3 - 5*n**2 - n + 7. Give b(w).
73
Let m(c) = 4*c**3 - 2*c**2 - 4*c - 2. Let f be 40/(-6)*(-144)/120. Suppose 0 = f*o + 12*o + 20. Give m(o).
-4
Let w be (-12 - (-42)/3)*1. Let m(j) = 10*j**2 + j - 2. Determine m(w).
40
Let x(n) = n**2 - 15*n + 27. Let h(d) = d**3 - 8*d**2 + 38*d - 39. Let o be h(2). Determine x(o).
1
Let o(t) be the third derivative of t**4/3 + 9*t**3/2 + 14*t**2. Let a be o(-3). Let z(m) = 2*m + 3 + 18*m**2 + 2*m - 3*m - 19*m**2. Give z(a).
-3
Let y = 106259 + -106264. Let q(m) be the second derivative of m**5/20 + 5*m**4/12 - 4*m**3/3 - 3*m**2/2 + m. Determine q(y).
37
Let a(g) = 2*g + 15. Let i(q) be the second derivative of -q**3/2 - 9*q**2 + 2*q + 2. Let x(p) = -5*a(p) - 4*i(p). Suppose 5*t + 15 = 40. Calculate x(t).
7
Suppose 4 = -0*a + a. Let h = -3 - a. Let o(d) = -10*d - 30. Let u(v) = 4*v + 12. Let n(i) = -5*o(i) - 12*u(i). Give n(h).
-8
Let x = 3896 + -3895. Let u(c) = 41*c + 3. What is u(x)?
44
Suppose 2*l - 4*l = 0. Let o be -6 + (1 - 64/(-8)). Suppose -5*c + 5*x - 30 = l, c = o*c + 3*x - 3. Let v(k) = k**3 + k**2 - 5*k - 4. Give v(c).
-7
Suppose -15 = -4*d - 19, 2*x - 4 = -4*d. Suppose -2*b + x*j = -28, -4*j - 32 = -27*b + 24*b. Let o(g) = -g**2 - 3*g + 4. Give o(b).
-24
Let j = -509897 - -509909. Let s(h) = 0 - 13*h**2 + h**3 - 2*h - 1 + h**2. What is s(j)?
-25
Let q = -5347 - -5341. Let k(i) = -3*i - 2. Give k(q).
16
Let o(v) = -35*v + 57*v + 3 - 6*v**2 - 1 + 8*v**2 - 27*v. Let c(j) = -7*j - 39. Let z be c(-6). Calculate o(z).
5
Let m(n) = 16*n + 200. Let r(f) = 18*f + 207. Let i(b) = 5*m(b) - 4*r(b). Determine i(-22).
-4
Let w(y) = 6*y + 1. Suppose -z + 1 = -0*z, 4*a = -4*z + 268. Suppose -38*o - a = -5*o. Determine w(o).
-11
Let j(v) = -7*v - 4. Let s be j(-1). Let n(i) = 79 - 68 - 3*i**3 + 4*i**s. Suppose 2*h = -2*h. Calculate n(h).
11
Let z(h) be the first derivative of h**5/120 + 7*h**4/12 - 8*h**3/3 - 14. Let m(p) be the third derivative of z(p). Determine m(-11).
3
Let k(c) = -2*c - 1. Suppose -259*m + 66*m = 129*m - 6440. What is k(m)?
-41
Let f(n) = n**3 - 10*n**2 + 9*n - 8. Suppose 42 + 67 + 44 = 17*a. What is f(a)?
-8
Let p(l) be the first derivative of -l**4/4 + 5*l**3/3 - 2*l + 1. Suppose 5*g + 8*t - 3*t - 245 = 0, g - 50 = -2*t. Suppose -237 + 45 = -g*f. What is p(f)?
14
Let v be (-84)/6*(-4)/(-8). Let k(p) = -3*p**2 - 15*p - 2. Let u(h) = 4*h**2 + 23*h + 3. Let q(w) = v*k(w) - 5*u(w). Let c = -104 + 111. Give q(c).
-22
Suppose 6*j + 15 = 51. Let p(i) = -i**2 + 3*i - 9. Determine p(j).
-27
Let l be 2*184/144 - (-20)/45. Let d(h) be the first derivative of -30 - 1/2*h**2 - l*h. Calculate d(-5).
2
Suppose 0*p + v + 3 = p, -5*p + 4*v = -10. Let y(g) = 1 - 3 - 5 + 3 - g. Calculate y(p).
-2
Let w(t) = -5*t. Let q(i) = 8*i + 1. Let l(h) = 41*h + 6. Let y(v) = -2*l(v) + 11*q(v). Let d = 21 + -16. Let u(s) = d*w(s) + 4*y(s). What is u(0)?
-4
Let y(h) = 7*h - 5. Let t(v) = 7*v + 5*v + 8*v - 14. Let i(g) = 6*t(g) - 17*y(g). Let z = -85 + 91. What is i(z)?
7
Let q(y) be the second derivative of y**5/60 - y**4/8 - 5*y**3/6 - 4*y**2 - 11*y. Let d(h) be the first derivative of q(h). Let l = 179 + -173. Calculate d(l).
13
Let j = 389 + -324. Let d = j + -62. Let i(v) = 2*v + 1. What is i(d)?
7
Suppose -104 - 30 = 209*t - 75*t. Let k be (-9)/(-3) - 0/(-1). Let q be t*1/(k + (-16)/5). Let b(g) = -g + 3. Determine b(q).
-2
Let w = -2077 - -2041. Let v(g) = -4*g - 137. Calculate v(w).
7
Let a(m) = -12*m + 9. Let v(b) = 5*b - 2. Let j(i) = -4*a(i) - 9*v(i). What is j(5)?
-3
Let w(h) = -h + 10. Let s = 11 - -4. Suppose -s*q = -11*q - 12. Suppose -4*u + q*j = 28, 2*j - 21 = 3*u + 7*j. What is w(u)?
17
Let o(q) = -6*q**2 + 37*q - 6. Suppose -504*i + 1760 + 1858 = 99*i. Give o(i).
0
Let h = 150547 + -150547. Let s(g) = -7*g + 6. Let f(w) = -6*w + 7. Let r(y) = -6*f(y) + 5*s(y). Determine r(h).
-12
Let n(z) = z**3 + 7*z**2 - 4*z + 22. Let b be n(-7). Suppose -b = 8*j + 14. Let o(i) = -i - 3. Calculate o(j).
5
Let l(s) be the second derivative of 7/24*s**4 + 0 + 6*s - 1/60*s**5 - 5/2*s**2 + 0*s**3. Let k(y) be the first derivative of l(y). What is k(6)?
6
Suppose 24 = 5*t - 25 - 21. Let p(b) = 2*b - 17. What is p(t)?
11
Let a(h) = -4082*h + 1405*h - 387 - 57 + 1371*h + 1370*h. Give a(7).
4
Let z(y) be the second derivative of 2 - 1/20*y**5 + 1/3*y**3 - 1/6*y**4 - 2*y**2 + 28*y. Let q be 6/(-4)*(-1 - -3). Determine z(q).
-1
Suppose -82 + 10 = -6*s. Suppose -33*k = -35*k - s. Let u(x) = -4 + 0 - 2*x - 1 + 1. Determine u(k).
8
Let q(h) = h**2 + h - 2. Suppose -23*f + 21 = -16*f. What is q(f)?
10
Let x(h) be the first derivative of h**4/4 - 8*h**3 + 2*h**2 - 86*h + 6007. Determine x(24).
10
Let x(b) = 4*b**2 + 6*b - 125. Let o be x(5). Let z(j) be the third derivative of 0*j + 2/3*j**3 + 0*j**4 + 0 + 37*j**2 + 1/60*j**o. Determine z(0).
4
Suppose -3*o - 4*h - 7 + 97 = 0, 0 = o - h - 30. Let s = o - 30. Let d(a) = -a**2 + 9. What is d(s)?
9
Let j(a) be the third derivative of a**6/120 - a**5/10 - 5*a**4/24 - 5*a**3/6 - a**2 + 477. Give j(7).
9
Let n(w) = w**3 + 17*w**2 + 32*w + 9. Let k = 18293 + -18308. What is n(k)?
-21
Let g(j) be the third derivative of j**7/420 - j**5/120 + 7*j**3/3 + 2*j**2 + 8. Let y(r) be the first derivative of g(r). Let d = -3 - -2. Determine y(d).
-1
Let v(a) = -a**3 - a**2 + 12. Suppose 0 = -14*g + 130 + 192. Suppose -g*n + 17*n = 0. Give v(n).
12
Let d(i) be the second derivative of -i**5/20 - 7*i**4/12 + 3*i**3/2 + 3*i**2/2 - 2*i. Suppose 5*a = 5*r - 15, -4*r - 25 = -5. Calculate d(a).
-5
Let i = -3318 - -3314. Let j(a) = -a**2 + a. Let v(w) = w**2 - 5*w - 1. Let n(z) = 3*j(z) + v(z). Determine n(i).
-25
Let q be (-16 + -5)*((-12)/(-9))/4. Let k(i) = -4*i**2 - 23*i + 17. Give k(q).
-18
Let q(j) = -4*j**3 + 10*j**2 - 3*j - 20. Let w(n) = -n**3 + 3*n**2 - n - 3. Let z(x) = q(x) - 5*w(x). What is z(0)?
-5
Let u(j) = -24*j**2 - 58*j - 3. Let x(l) = -7*l**2 - 17*l - 1. Let w(m) = -5*u(m) + 17*x(m). Let h = 4 - 1. What is w(h)?
10
Let p(s) = -6 - 6 + 35 + s - 12. Let x(u) = 3. Let a(w) = p(w) - 3*x(w). What is a(0)?
2
Let j be -5 + 6 + 24/16. Let y(v) be the second derivative of -1/20*v**5 + j*v**2 + 0*v**3 - 1/3*v**4 - 2*v + 0. Give y(-4).
5
Let b be -8 + 90/10 + 5*1. Let n(j) = 4*j + 9. Let c(z) = -4*z - 8. Let h(u) = b*c(u) + 5*n(u). Let o be -1*4 + (-4 - -5). Give h(o).
9
Let s(u) = 86*u + 1036. Let i be s(-12). Let z(a) = -a**3 + 7*a**2 - 2*a - 6. Calculate z(i).
34
Let a = -5 - 6. Let t(s) = 4*s**3 - 5*s**2 - 42*s - 14. Let c(n) = 5*n**3 - 4*n**2 - 53*n - 16. Let j(g) = 5*c(g) - 6*t(g). Determine j(a).
26
Let m(o) be the first derivative of -5*o + 5/2*o**2 + 87 + 1/3*o**3. Give m(-6).
1
Let s(o) = o**3 + 6*o**2 + 7*o + 3. Let w(b) = -100*b - 10205. Let l be w(-102). Give s(l).
-7
Let z(h) = -h**3 - 16*h**2 + 18*h + 32. Sup